{"id":203,"date":"2021-06-06T12:51:43","date_gmt":"2021-06-06T12:51:43","guid":{"rendered":"http:\/\/www.kaanmakina.org\/?page_id=203"},"modified":"2021-06-06T14:37:28","modified_gmt":"2021-06-06T14:37:28","slug":"urunlerimiz","status":"publish","type":"page","link":"https:\/\/www.kaanmakina.org\/index.php\/urunlerimiz\/","title":{"rendered":"\u00dcr\u00fcnlerimiz"},"content":{"rendered":"\n<p><strong><span class=\"has-inline-color has-vivid-red-color\">TALA\u015eLI \u0130MALAT:<\/span><\/strong><\/p>\n\n\n\n<p>Kasnaklar, \u00c7ama\u015f\u0131r Makinesi Tambur Milleri, bur\u00e7lar, \u00d6zel C\u0131vatalar, Tar\u0131m Makinesi Di\u015fli Gruplar\u0131, Pinyon Di\u015fli tasar\u0131m\u0131 ve par\u00e7alar\u0131, Braketler, Pirin\u00e7 Rakorlar, Vanalar, Flan\u015flar, Gergi Kasnak Gruplar\u0131 ve daha bir \u00e7ok \u00fcr\u00fcn grubu bulunmaktad\u0131r.<\/p>\n\n\n\n<div class=\"wp-block-image\"><figure class=\"aligncenter size-large\"><img loading=\"lazy\" decoding=\"async\" width=\"1024\" height=\"576\" src=\"http:\/\/www.kaanmakina.org\/wp-content\/uploads\/2021\/06\/U912-1024x576.png\" alt=\"\" class=\"wp-image-263\" srcset=\"https:\/\/www.kaanmakina.org\/wp-content\/uploads\/2021\/06\/U912-1024x576.png 1024w, https:\/\/www.kaanmakina.org\/wp-content\/uploads\/2021\/06\/U912-300x169.png 300w, https:\/\/www.kaanmakina.org\/wp-content\/uploads\/2021\/06\/U912-768x432.png 768w, https:\/\/www.kaanmakina.org\/wp-content\/uploads\/2021\/06\/U912-1226x689.png 1226w, https:\/\/www.kaanmakina.org\/wp-content\/uploads\/2021\/06\/U912-675x380.png 675w, https:\/\/www.kaanmakina.org\/wp-content\/uploads\/2021\/06\/U912.png 1366w\" sizes=\"auto, (max-width: 1024px) 100vw, 1024px\" \/><\/figure><\/div>\n\n\n\n<p><strong><span class=\"has-inline-color has-vivid-red-color\">MONTAJLI PAR\u00c7ALAR:<\/span><\/strong><\/p>\n\n\n\n<p>Yang\u0131n Pompa gruplar\u0131 ve montajlar\u0131 , Ventil Gruplar\u0131, Vana Gruplar\u0131, Redukt\u00f6r sistemi[R\u00fczgar T\u00fcrbini], Z\u0131rhl\u0131 ara\u00e7 kap\u0131 kilit tak\u0131m\u0131 alt detay par\u00e7alar\u0131 \u2013 mente\u015fe sistemleri , \u00d6l\u00e7\u00fcm cihazlar\u0131 setleri, Kaynak aparat tertibatlar\u0131<\/p>\n\n\n\n<div class=\"wp-block-image\"><figure class=\"aligncenter size-large\"><img loading=\"lazy\" decoding=\"async\" width=\"1024\" height=\"576\" src=\"http:\/\/www.kaanmakina.org\/wp-content\/uploads\/2021\/06\/U913-1024x576.png\" alt=\"\" class=\"wp-image-267\" srcset=\"https:\/\/www.kaanmakina.org\/wp-content\/uploads\/2021\/06\/U913-1024x576.png 1024w, https:\/\/www.kaanmakina.org\/wp-content\/uploads\/2021\/06\/U913-300x169.png 300w, https:\/\/www.kaanmakina.org\/wp-content\/uploads\/2021\/06\/U913-768x432.png 768w, https:\/\/www.kaanmakina.org\/wp-content\/uploads\/2021\/06\/U913-1226x689.png 1226w, https:\/\/www.kaanmakina.org\/wp-content\/uploads\/2021\/06\/U913-675x380.png 675w, https:\/\/www.kaanmakina.org\/wp-content\/uploads\/2021\/06\/U913.png 1366w\" sizes=\"auto, (max-width: 1024px) 100vw, 1024px\" \/><\/figure><\/div>\n\n\n\n<p><\/p>\n","protected":false},"excerpt":{"rendered":"<p>TALA\u015eLI \u0130MALAT: Kasnaklar, \u00c7ama\u015f\u0131r Makinesi Tambur Milleri, bur\u00e7lar, \u00d6zel C\u0131vatalar, Tar\u0131m Makinesi Di\u015fli Gruplar\u0131, Pinyon Di\u015fli tasar\u0131m\u0131 ve par\u00e7alar\u0131, Braketler, Pirin\u00e7 Rakorlar, Vanalar, Flan\u015flar, Gergi&#8230;<\/p>\n","protected":false},"author":1,"featured_media":0,"parent":0,"menu_order":0,"comment_status":"closed","ping_status":"closed","template":"","meta":{"footnotes":""},"class_list":["post-203","page","type-page","status-publish","hentry"],"_links":{"self":[{"href":"https:\/\/www.kaanmakina.org\/index.php\/wp-json\/wp\/v2\/pages\/203","targetHints":{"allow":["GET"]}}],"collection":[{"href":"https:\/\/www.kaanmakina.org\/index.php\/wp-json\/wp\/v2\/pages"}],"about":[{"href":"https:\/\/www.kaanmakina.org\/index.php\/wp-json\/wp\/v2\/types\/page"}],"author":[{"embeddable":true,"href":"https:\/\/www.kaanmakina.org\/index.php\/wp-json\/wp\/v2\/users\/1"}],"replies":[{"embeddable":true,"href":"https:\/\/www.kaanmakina.org\/index.php\/wp-json\/wp\/v2\/comments?post=203"}],"version-history":[{"count":3,"href":"https:\/\/www.kaanmakina.org\/index.php\/wp-json\/wp\/v2\/pages\/203\/revisions"}],"predecessor-version":[{"id":269,"href":"https:\/\/www.kaanmakina.org\/index.php\/wp-json\/wp\/v2\/pages\/203\/revisions\/269"}],"wp:attachment":[{"href":"https:\/\/www.kaanmakina.org\/index.php\/wp-json\/wp\/v2\/media?parent=203"}],"curies":[{"name":"wp","href":"https:\/\/api.w.org\/{rel}","templated":true}]}}