{"id":212,"date":"2021-06-06T13:02:51","date_gmt":"2021-06-06T13:02:51","guid":{"rendered":"http:\/\/www.kaanmakina.org\/?page_id=212"},"modified":"2021-06-06T14:02:46","modified_gmt":"2021-06-06T14:02:46","slug":"makine-parkimiz","status":"publish","type":"page","link":"https:\/\/www.kaanmakina.org\/index.php\/makine-parkimiz\/","title":{"rendered":"Makine Park\u0131m\u0131z"},"content":{"rendered":"\n<p><strong><span class=\"has-inline-color has-vivid-red-color\">MAK\u0130NALARIMIZ:<\/span><\/strong><\/p>\n\n\n\n<p>** S\u00dcR\u00dcC\u00dcL\u00dc &nbsp;\u00d842&nbsp; I\u015eLEME KAPASITESINDE CNC OTOMAT TORNA JC42<\/p>\n\n\n\n<p>** 8\u201d &#8211; 6\u201d \u00c7IFT AYNA C EKSENLI CNC TORNA MAZAK QU\u0130CKTURN10 MS<\/p>\n\n\n\n<p>** 6 \u201c CNC TORNA JARN YEONG&nbsp; CNR42<\/p>\n\n\n\n<p>** 1000X650X650-4 EKSEN I\u015eLEME MERKEZI TAKANG- TNC1000<\/p>\n\n\n\n<figure class=\"wp-block-image size-large\"><img loading=\"lazy\" decoding=\"async\" width=\"1024\" height=\"576\" src=\"http:\/\/www.kaanmakina.org\/wp-content\/uploads\/2021\/06\/K91-1024x576.png\" alt=\"\" class=\"wp-image-233\" srcset=\"https:\/\/www.kaanmakina.org\/wp-content\/uploads\/2021\/06\/K91-1024x576.png 1024w, https:\/\/www.kaanmakina.org\/wp-content\/uploads\/2021\/06\/K91-300x169.png 300w, https:\/\/www.kaanmakina.org\/wp-content\/uploads\/2021\/06\/K91-768x432.png 768w, https:\/\/www.kaanmakina.org\/wp-content\/uploads\/2021\/06\/K91-1226x689.png 1226w, https:\/\/www.kaanmakina.org\/wp-content\/uploads\/2021\/06\/K91-675x380.png 675w, https:\/\/www.kaanmakina.org\/wp-content\/uploads\/2021\/06\/K91.png 1366w\" sizes=\"auto, (max-width: 1024px) 100vw, 1024px\" \/><\/figure>\n\n\n\n<figure class=\"wp-block-image size-large\"><img loading=\"lazy\" decoding=\"async\" width=\"1024\" height=\"576\" src=\"http:\/\/www.kaanmakina.org\/wp-content\/uploads\/2021\/06\/K8-1024x576.png\" alt=\"\" class=\"wp-image-231\" srcset=\"https:\/\/www.kaanmakina.org\/wp-content\/uploads\/2021\/06\/K8-1024x576.png 1024w, https:\/\/www.kaanmakina.org\/wp-content\/uploads\/2021\/06\/K8-300x169.png 300w, https:\/\/www.kaanmakina.org\/wp-content\/uploads\/2021\/06\/K8-768x432.png 768w, https:\/\/www.kaanmakina.org\/wp-content\/uploads\/2021\/06\/K8-1226x689.png 1226w, https:\/\/www.kaanmakina.org\/wp-content\/uploads\/2021\/06\/K8-675x380.png 675w, https:\/\/www.kaanmakina.org\/wp-content\/uploads\/2021\/06\/K8.png 1366w\" sizes=\"auto, (max-width: 1024px) 100vw, 1024px\" \/><\/figure>\n","protected":false},"excerpt":{"rendered":"<p>MAK\u0130NALARIMIZ: ** S\u00dcR\u00dcC\u00dcL\u00dc &nbsp;\u00d842&nbsp; I\u015eLEME KAPASITESINDE CNC OTOMAT TORNA JC42 ** 8\u201d &#8211; 6\u201d \u00c7IFT AYNA C EKSENLI CNC TORNA MAZAK QU\u0130CKTURN10 MS ** 6&#8230;<\/p>\n","protected":false},"author":1,"featured_media":0,"parent":0,"menu_order":0,"comment_status":"closed","ping_status":"closed","template":"","meta":{"footnotes":""},"class_list":["post-212","page","type-page","status-publish","hentry"],"_links":{"self":[{"href":"https:\/\/www.kaanmakina.org\/index.php\/wp-json\/wp\/v2\/pages\/212","targetHints":{"allow":["GET"]}}],"collection":[{"href":"https:\/\/www.kaanmakina.org\/index.php\/wp-json\/wp\/v2\/pages"}],"about":[{"href":"https:\/\/www.kaanmakina.org\/index.php\/wp-json\/wp\/v2\/types\/page"}],"author":[{"embeddable":true,"href":"https:\/\/www.kaanmakina.org\/index.php\/wp-json\/wp\/v2\/users\/1"}],"replies":[{"embeddable":true,"href":"https:\/\/www.kaanmakina.org\/index.php\/wp-json\/wp\/v2\/comments?post=212"}],"version-history":[{"count":2,"href":"https:\/\/www.kaanmakina.org\/index.php\/wp-json\/wp\/v2\/pages\/212\/revisions"}],"predecessor-version":[{"id":242,"href":"https:\/\/www.kaanmakina.org\/index.php\/wp-json\/wp\/v2\/pages\/212\/revisions\/242"}],"wp:attachment":[{"href":"https:\/\/www.kaanmakina.org\/index.php\/wp-json\/wp\/v2\/media?parent=212"}],"curies":[{"name":"wp","href":"https:\/\/api.w.org\/{rel}","templated":true}]}}